{"id":19,"date":"2024-05-21T17:47:44","date_gmt":"2024-05-21T17:47:44","guid":{"rendered":"https:\/\/nivela.edu.pe\/colegio-primaria\/?page_id=19"},"modified":"2026-04-20T14:34:14","modified_gmt":"2026-04-20T14:34:14","slug":"admision","status":"publish","type":"page","link":"https:\/\/nivela.edu.pe\/colegio-primaria\/admision\/","title":{"rendered":"Admisi\u00f3n"},"content":{"rendered":"\t\t<div data-elementor-type=\"wp-page\" data-elementor-id=\"19\" class=\"elementor elementor-19\">\n\t\t\t\t<div class=\"elementor-element elementor-element-1f4b525e e-grid e-con-full e-con e-parent\" data-id=\"1f4b525e\" data-element_type=\"container\" data-e-type=\"container\" data-settings=\"{&quot;background_background&quot;:&quot;classic&quot;}\">\n\t\t\t\t<div class=\"elementor-element elementor-element-6469ad72 elementor-widget elementor-widget-image\" data-id=\"6469ad72\" data-element_type=\"widget\" data-e-type=\"widget\" data-widget_type=\"image.default\">\n\t\t\t\t<div class=\"elementor-widget-container\">\n\t\t\t\t\t\t\t\t\t\t\t\t\t\t\t<img decoding=\"async\" width=\"137\" height=\"60\" src=\"https:\/\/nivela.edu.pe\/colegio-primaria\/wp-content\/uploads\/2026\/04\/cropped-NIVEL-A-LOGOS-APROBADOS-SIN-PUNTO_Mesa-de-trabajo-1-blanco-e1776189344356.png\" class=\"attachment-full size-full wp-image-798\" alt=\"\" \/>\t\t\t\t\t\t\t\t\t\t\t\t\t\t\t<\/div>\n\t\t\t\t<\/div>\n\t\t\t\t<div class=\"elementor-element elementor-element-5c1d3c2c elementor-hidden-desktop elementor-widget elementor-widget-text-editor\" data-id=\"5c1d3c2c\" data-element_type=\"widget\" data-e-type=\"widget\" data-widget_type=\"text-editor.default\">\n\t\t\t\t<div class=\"elementor-widget-container\">\n\t\t\t\t\t\t\t\t\t<p><strong><a href=\"https:\/\/nivela.edu.pe\/colegio-primaria\/\">Inicio\u00a0<\/a>\u00a0 \u00a0 \u00a0 \u00a0 \u00a0 \u00a0 <a href=\"https:\/\/nivela.edu.pe\/colegio-primaria\/admision\/\">Admisi\u00f3n<\/a> <\/strong><\/p><p><strong><a href=\"https:\/\/nivela.edu.pe\/colegio-primaria\/staff\/\">Staff<\/a>\u00a0 \u00a0 \u00a0 \u00a0 \u00a0 \u00a0 \u00a0<a href=\"https:\/\/nivela.edu.pe\/colegio-primaria\/contactanos\/\">Contacto<\/a><\/strong><\/p>\t\t\t\t\t\t\t\t<\/div>\n\t\t\t\t<\/div>\n\t\t\t\t<div class=\"elementor-element elementor-element-5f2b6e17 elementor-hidden-mobile elementor-widget elementor-widget-text-editor\" data-id=\"5f2b6e17\" data-element_type=\"widget\" data-e-type=\"widget\" data-widget_type=\"text-editor.default\">\n\t\t\t\t<div class=\"elementor-widget-container\">\n\t\t\t\t\t\t\t\t\t<p><strong><a href=\"https:\/\/nivela.edu.pe\/colegio-primaria\/\">Inicio\u00a0<\/a> \u00a0 \u00a0 \u00a0 <a href=\"https:\/\/nivela.edu.pe\/colegio-primaria\/admision\/\">Admisi\u00f3n<\/a>\u00a0 \u00a0\u00a0 \u00a0\u00a0 \u00a0<\/strong><strong><a href=\"https:\/\/nivela.edu.pe\/colegio-primaria\/staff\/\">Staff<\/a>\u00a0 \u00a0 \u00a0 \u00a0 <a href=\"https:\/\/nivela.edu.pe\/colegio-primaria\/contactanos\/\">Contacto<\/a><\/strong><\/p>\t\t\t\t\t\t\t\t<\/div>\n\t\t\t\t<\/div>\n\t\t\t\t<\/div>\n\t\t<div class=\"elementor-element elementor-element-2420e075 e-flex e-con-boxed e-con e-parent\" data-id=\"2420e075\" data-element_type=\"container\" data-e-type=\"container\" data-settings=\"{&quot;background_background&quot;:&quot;slideshow&quot;,&quot;background_slideshow_gallery&quot;:[{&quot;id&quot;:87,&quot;url&quot;:&quot;https:\\\/\\\/nivela.edu.pe\\\/colegio-primaria\\\/wp-content\\\/uploads\\\/2024\\\/05\\\/1A.png&quot;},{&quot;id&quot;:89,&quot;url&quot;:&quot;https:\\\/\\\/nivela.edu.pe\\\/colegio-primaria\\\/wp-content\\\/uploads\\\/2024\\\/05\\\/1B.png&quot;},{&quot;id&quot;:90,&quot;url&quot;:&quot;https:\\\/\\\/nivela.edu.pe\\\/colegio-primaria\\\/wp-content\\\/uploads\\\/2024\\\/05\\\/1C.png&quot;}],&quot;background_slideshow_loop&quot;:&quot;yes&quot;,&quot;background_slideshow_slide_duration&quot;:5000,&quot;background_slideshow_slide_transition&quot;:&quot;fade&quot;,&quot;background_slideshow_transition_duration&quot;:500}\">\n\t\t\t\t\t<div class=\"e-con-inner\">\n\t\t\t\t<div class=\"elementor-element elementor-element-530d7f1f elementor-widget elementor-widget-image\" data-id=\"530d7f1f\" data-element_type=\"widget\" data-e-type=\"widget\" data-widget_type=\"image.default\">\n\t\t\t\t<div class=\"elementor-widget-container\">\n\t\t\t\t\t\t\t\t\t\t\t\t\t\t\t<img decoding=\"async\" width=\"150\" height=\"150\" src=\"https:\/\/nivela.edu.pe\/colegio-primaria\/wp-content\/uploads\/2026\/04\/logo_negativo-150x150.png\" class=\"attachment-thumbnail size-thumbnail wp-image-780\" alt=\"\" \/>\t\t\t\t\t\t\t\t\t\t\t\t\t\t\t<\/div>\n\t\t\t\t<\/div>\n\t\t\t\t<div class=\"elementor-element elementor-element-23f02230 elementor-widget elementor-widget-heading\" data-id=\"23f02230\" data-element_type=\"widget\" data-e-type=\"widget\" data-widget_type=\"heading.default\">\n\t\t\t\t<div class=\"elementor-widget-container\">\n\t\t\t\t\t<h2 class=\"elementor-heading-title elementor-size-default\">Nuestra misi\u00f3n es que nuestros alumnos\nasistan felices a clases<\/h2>\t\t\t\t<\/div>\n\t\t\t\t<\/div>\n\t\t<div class=\"elementor-element elementor-element-32718194 e-grid e-con-boxed e-con e-child\" data-id=\"32718194\" data-element_type=\"container\" data-e-type=\"container\">\n\t\t\t\t\t<div class=\"e-con-inner\">\n\t\t\t\t<div class=\"elementor-element elementor-element-6bd54190 elementor-align-right elementor-widget elementor-widget-button\" data-id=\"6bd54190\" data-element_type=\"widget\" data-e-type=\"widget\" data-widget_type=\"button.default\">\n\t\t\t\t<div class=\"elementor-widget-container\">\n\t\t\t\t\t\t\t\t\t<div class=\"elementor-button-wrapper\">\n\t\t\t\t\t<a class=\"elementor-button elementor-button-link elementor-size-sm\" href=\"https:\/\/nivela.edu.pe\/colegio-primaria\/admision\/\">\n\t\t\t\t\t\t<span class=\"elementor-button-content-wrapper\">\n\t\t\t\t\t\t\t\t\t<span class=\"elementor-button-text\">Admisi\u00f3n<\/span>\n\t\t\t\t\t<\/span>\n\t\t\t\t\t<\/a>\n\t\t\t\t<\/div>\n\t\t\t\t\t\t\t\t<\/div>\n\t\t\t\t<\/div>\n\t\t\t\t<div class=\"elementor-element elementor-element-3e182283 elementor-widget elementor-widget-button\" data-id=\"3e182283\" data-element_type=\"widget\" data-e-type=\"widget\" data-widget_type=\"button.default\">\n\t\t\t\t<div class=\"elementor-widget-container\">\n\t\t\t\t\t\t\t\t\t<div class=\"elementor-button-wrapper\">\n\t\t\t\t\t<a class=\"elementor-button elementor-button-link elementor-size-sm\" href=\"https:\/\/nivela.edu.pe\/colegio-primaria\/cronograma-2\/\">\n\t\t\t\t\t\t<span class=\"elementor-button-content-wrapper\">\n\t\t\t\t\t\t\t\t\t<span class=\"elementor-button-text\">Cronograma<\/span>\n\t\t\t\t\t<\/span>\n\t\t\t\t\t<\/a>\n\t\t\t\t<\/div>\n\t\t\t\t\t\t\t\t<\/div>\n\t\t\t\t<\/div>\n\t\t\t\t\t<\/div>\n\t\t\t\t<\/div>\n\t\t\t\t\t<\/div>\n\t\t\t\t<\/div>\n\t\t<div class=\"elementor-element elementor-element-7f05ed4 e-flex e-con-boxed e-con e-parent\" data-id=\"7f05ed4\" data-element_type=\"container\" data-e-type=\"container\">\n\t\t\t\t\t<div class=\"e-con-inner\">\n\t\t<div class=\"elementor-element elementor-element-8ce53f5 e-grid e-con-full e-con e-child\" data-id=\"8ce53f5\" data-element_type=\"container\" data-e-type=\"container\">\n\t\t\t\t<div class=\"elementor-element elementor-element-75ede47 elementor-align-center elementor-widget elementor-widget-button\" data-id=\"75ede47\" data-element_type=\"widget\" data-e-type=\"widget\" data-widget_type=\"button.default\">\n\t\t\t\t<div class=\"elementor-widget-container\">\n\t\t\t\t\t\t\t\t\t<div class=\"elementor-button-wrapper\">\n\t\t\t\t\t<a class=\"elementor-button elementor-button-link elementor-size-sm\" href=\"https:\/\/nivela.edu.pe\/colegio-primaria\/admision\/\">\n\t\t\t\t\t\t<span class=\"elementor-button-content-wrapper\">\n\t\t\t\t\t\t\t\t\t<span class=\"elementor-button-text\">Admisi\u00f3n 2027<\/span>\n\t\t\t\t\t<\/span>\n\t\t\t\t\t<\/a>\n\t\t\t\t<\/div>\n\t\t\t\t\t\t\t\t<\/div>\n\t\t\t\t<\/div>\n\t\t\t\t<div class=\"elementor-element elementor-element-0617440 elementor-align-center elementor-widget elementor-widget-button\" data-id=\"0617440\" data-element_type=\"widget\" data-e-type=\"widget\" data-widget_type=\"button.default\">\n\t\t\t\t<div class=\"elementor-widget-container\">\n\t\t\t\t\t\t\t\t\t<div class=\"elementor-button-wrapper\">\n\t\t\t\t\t<a class=\"elementor-button elementor-button-link elementor-size-sm\" href=\"https:\/\/nivela.edu.pe\/colegio-primaria\/cronograma\/\">\n\t\t\t\t\t\t<span class=\"elementor-button-content-wrapper\">\n\t\t\t\t\t\t\t\t\t<span class=\"elementor-button-text\">Matr\u00edcula 2026<\/span>\n\t\t\t\t\t<\/span>\n\t\t\t\t\t<\/a>\n\t\t\t\t<\/div>\n\t\t\t\t\t\t\t\t<\/div>\n\t\t\t\t<\/div>\n\t\t\t\t<div class=\"elementor-element elementor-element-f898ff9 elementor-align-center elementor-widget elementor-widget-button\" data-id=\"f898ff9\" data-element_type=\"widget\" data-e-type=\"widget\" data-widget_type=\"button.default\">\n\t\t\t\t<div class=\"elementor-widget-container\">\n\t\t\t\t\t\t\t\t\t<div class=\"elementor-button-wrapper\">\n\t\t\t\t\t<a class=\"elementor-button elementor-button-link elementor-size-sm\" href=\"https:\/\/nivela.edu.pe\/colegio-primaria\/cronograma-2\/\">\n\t\t\t\t\t\t<span class=\"elementor-button-content-wrapper\">\n\t\t\t\t\t\t\t\t\t<span class=\"elementor-button-text\">Cronograma 2026<\/span>\n\t\t\t\t\t<\/span>\n\t\t\t\t\t<\/a>\n\t\t\t\t<\/div>\n\t\t\t\t\t\t\t\t<\/div>\n\t\t\t\t<\/div>\n\t\t\t\t<\/div>\n\t\t\t\t<div class=\"elementor-element elementor-element-43aa066 elementor-widget elementor-widget-text-editor\" data-id=\"43aa066\" data-element_type=\"widget\" data-e-type=\"widget\" data-widget_type=\"text-editor.default\">\n\t\t\t\t<div class=\"elementor-widget-container\">\n\t\t\t\t\t\t\t\t\t<h3><strong>ADMISI\u00d3N 2027<\/strong><\/h3><ul><li>Para postular al nivel de Pre \u2013 Kinder el ni\u00f1o deber\u00e1 cumplir los 4 a\u00f1os hasta el 31 de marzo de 2027.<\/li><li>Para postular al nivel de Kinder el ni\u00f1o deber\u00e1 cumplir los 5 a\u00f1os hasta el 31 de marzo de 2027.<\/li><li>Para postular al nivel de Primer Grado el ni\u00f1o deber\u00e1 cumplir los 6 a\u00f1os hasta el 31 de marzo de 2027.<\/li><li>Para postular a otros grados de primaria hay que llenar una ficha virtual y pasar una evaluaci\u00f3n psicopedag\u00f3gica.<\/li><\/ul><h3><strong>Inscripci\u00f3n<\/strong><\/h3><p>Las inscripciones para Inicial 2 y 3 a\u00f1os, Pre \u2013 Kinder, Kinder, Primer Grado y Segundo grado est\u00e1n abiertas durante todo el a\u00f1o.<\/p><div>Documentos necesarios:<\/div><ul><li>Ficha de inscripci\u00f3n virtual.<\/li><li>Carta de presentaci\u00f3n.<\/li><li>Carta de recomendaci\u00f3n.<\/li><li>DNI y Partida de nacimiento del ni\u00f1o.<\/li><li>DNI de los padres.<\/li><li>Foto tama\u00f1o carn\u00e9 del ni\u00f1o\/a (con nombre atr\u00e1s).<\/li><li>Certificado de estudios.<\/li><li>Libreta de notas.<\/li><\/ul><h3>Evaluaci\u00f3n<\/h3><p>Las evaluaciones que incluyen:<\/p><ul><li>Una entrevista con el departamento psicopedag\u00f3gico.<\/li><li>Evaluaci\u00f3n del ni\u00f1o\/a a partir de segundo grado.<\/li><li>Una entrevista de los padres con el director del colegio.<\/li><\/ul><div>El proceso de admisi\u00f3n tiene duraci\u00f3n aproximada de dos semanas.\u00a0<\/div><h3>Ingreso<\/h3><p>Los padres tendr\u00e1n un de plazo de 15 d\u00edas, luego de recibir la carta de aceptaci\u00f3n, para separar la vacante con el pago de la cuota de ingreso de S\/. 9,000 (pago no sujeto a devoluci\u00f3n). La cuota de ingreso es obligatoria\u00a0 a partir del nivel Pre Kinder. (los ni\u00f1os de 2 y 3 a\u00f1os separan su vacante con el pago de matricula adelantado).<\/p><h3>Costos<\/h3><ul><li>La cuota de ingreso para el a\u00f1o 2026 es de S\/. 9,000.\u00a0<\/li><li>Matr\u00edcula: S\/. 1520.<\/li><li>Mensualidad: S\/. 1520.<\/li><li>El proceso de admisi\u00f3n no tiene costo.<\/li><\/ul>\t\t\t\t\t\t\t\t<\/div>\n\t\t\t\t<\/div>\n\t\t\t\t\t<\/div>\n\t\t\t\t<\/div>\n\t\t<div class=\"elementor-element elementor-element-1abbecb9 e-grid e-con-boxed e-con e-parent\" data-id=\"1abbecb9\" data-element_type=\"container\" data-e-type=\"container\" data-settings=\"{&quot;background_background&quot;:&quot;classic&quot;}\">\n\t\t\t\t\t<div class=\"e-con-inner\">\n\t\t\t\t<div class=\"elementor-element elementor-element-1b51c634 elementor-widget elementor-widget-image\" data-id=\"1b51c634\" data-element_type=\"widget\" data-e-type=\"widget\" data-widget_type=\"image.default\">\n\t\t\t\t<div class=\"elementor-widget-container\">\n\t\t\t\t\t\t\t\t\t\t\t\t\t\t\t<img decoding=\"async\" width=\"137\" height=\"60\" src=\"https:\/\/nivela.edu.pe\/colegio-primaria\/wp-content\/uploads\/2026\/04\/NIVEL-A-LOGOS-APROBADOS-SIN-PUNTO_Mesa-de-trabajo-1-blanco-e1776189344356.png\" class=\"attachment-large size-large wp-image-796\" alt=\"\" \/>\t\t\t\t\t\t\t\t\t\t\t\t\t\t\t<\/div>\n\t\t\t\t<\/div>\n\t\t\t\t<div class=\"elementor-element elementor-element-c50c1fd elementor-mobile-align-center elementor-list-item-link-full_width elementor-widget elementor-widget-icon-list\" data-id=\"c50c1fd\" data-element_type=\"widget\" data-e-type=\"widget\" data-widget_type=\"icon-list.default\">\n\t\t\t\t<div class=\"elementor-widget-container\">\n\t\t\t\t\t\t\t<ul class=\"elementor-icon-list-items\">\n\t\t\t\t\t\t\t<li class=\"elementor-icon-list-item\">\n\t\t\t\t\t\t\t\t\t\t\t<span class=\"elementor-icon-list-icon\">\n\t\t\t\t\t\t\t<svg aria-hidden=\"true\" class=\"e-font-icon-svg e-fas-phone-alt\" viewBox=\"0 0 512 512\" xmlns=\"http:\/\/www.w3.org\/2000\/svg\"><path d=\"M497.39 361.8l-112-48a24 24 0 0 0-28 6.9l-49.6 60.6A370.66 370.66 0 0 1 130.6 204.11l60.6-49.6a23.94 23.94 0 0 0 6.9-28l-48-112A24.16 24.16 0 0 0 122.6.61l-104 24A24 24 0 0 0 0 48c0 256.5 207.9 464 464 464a24 24 0 0 0 23.4-18.6l24-104a24.29 24.29 0 0 0-14.01-27.6z\"><\/path><\/svg>\t\t\t\t\t\t<\/span>\n\t\t\t\t\t\t\t\t\t\t<span class=\"elementor-icon-list-text\">(51) 970 755 712  (Admisi\u00f3n)<\/span>\n\t\t\t\t\t\t\t\t\t<\/li>\n\t\t\t\t\t\t\t\t<li class=\"elementor-icon-list-item\">\n\t\t\t\t\t\t\t\t\t\t\t<span class=\"elementor-icon-list-icon\">\n\t\t\t\t\t\t\t<svg aria-hidden=\"true\" class=\"e-font-icon-svg e-fas-phone-alt\" viewBox=\"0 0 512 512\" xmlns=\"http:\/\/www.w3.org\/2000\/svg\"><path d=\"M497.39 361.8l-112-48a24 24 0 0 0-28 6.9l-49.6 60.6A370.66 370.66 0 0 1 130.6 204.11l60.6-49.6a23.94 23.94 0 0 0 6.9-28l-48-112A24.16 24.16 0 0 0 122.6.61l-104 24A24 24 0 0 0 0 48c0 256.5 207.9 464 464 464a24 24 0 0 0 23.4-18.6l24-104a24.29 24.29 0 0 0-14.01-27.6z\"><\/path><\/svg>\t\t\t\t\t\t<\/span>\n\t\t\t\t\t\t\t\t\t\t<span class=\"elementor-icon-list-text\">01372 - 1371<\/span>\n\t\t\t\t\t\t\t\t\t<\/li>\n\t\t\t\t\t\t<\/ul>\n\t\t\t\t\t\t<\/div>\n\t\t\t\t<\/div>\n\t\t\t\t<div class=\"elementor-element elementor-element-12513333 elementor-mobile-align-center elementor-icon-list--layout-traditional elementor-list-item-link-full_width elementor-widget elementor-widget-icon-list\" data-id=\"12513333\" data-element_type=\"widget\" data-e-type=\"widget\" data-widget_type=\"icon-list.default\">\n\t\t\t\t<div class=\"elementor-widget-container\">\n\t\t\t\t\t\t\t<ul class=\"elementor-icon-list-items\">\n\t\t\t\t\t\t\t<li class=\"elementor-icon-list-item\">\n\t\t\t\t\t\t\t\t\t\t\t<span class=\"elementor-icon-list-icon\">\n\t\t\t\t\t\t\t<svg aria-hidden=\"true\" class=\"e-font-icon-svg e-fas-school\" viewBox=\"0 0 640 512\" xmlns=\"http:\/\/www.w3.org\/2000\/svg\"><path d=\"M0 224v272c0 8.84 7.16 16 16 16h80V192H32c-17.67 0-32 14.33-32 32zm360-48h-24v-40c0-4.42-3.58-8-8-8h-16c-4.42 0-8 3.58-8 8v64c0 4.42 3.58 8 8 8h48c4.42 0 8-3.58 8-8v-16c0-4.42-3.58-8-8-8zm137.75-63.96l-160-106.67a32.02 32.02 0 0 0-35.5 0l-160 106.67A32.002 32.002 0 0 0 128 138.66V512h128V368c0-8.84 7.16-16 16-16h96c8.84 0 16 7.16 16 16v144h128V138.67c0-10.7-5.35-20.7-14.25-26.63zM320 256c-44.18 0-80-35.82-80-80s35.82-80 80-80 80 35.82 80 80-35.82 80-80 80zm288-64h-64v320h80c8.84 0 16-7.16 16-16V224c0-17.67-14.33-32-32-32z\"><\/path><\/svg>\t\t\t\t\t\t<\/span>\n\t\t\t\t\t\t\t\t\t\t<span class=\"elementor-icon-list-text\">Calle Montemar 172, Chacarilla - Surco<\/span>\n\t\t\t\t\t\t\t\t\t<\/li>\n\t\t\t\t\t\t\t\t<li class=\"elementor-icon-list-item\">\n\t\t\t\t\t\t\t\t\t\t\t<span class=\"elementor-icon-list-icon\">\n\t\t\t\t\t\t\t<svg aria-hidden=\"true\" class=\"e-font-icon-svg e-far-envelope\" viewBox=\"0 0 512 512\" xmlns=\"http:\/\/www.w3.org\/2000\/svg\"><path d=\"M464 64H48C21.49 64 0 85.49 0 112v288c0 26.51 21.49 48 48 48h416c26.51 0 48-21.49 48-48V112c0-26.51-21.49-48-48-48zm0 48v40.805c-22.422 18.259-58.168 46.651-134.587 106.49-16.841 13.247-50.201 45.072-73.413 44.701-23.208.375-56.579-31.459-73.413-44.701C106.18 199.465 70.425 171.067 48 152.805V112h416zM48 400V214.398c22.914 18.251 55.409 43.862 104.938 82.646 21.857 17.205 60.134 55.186 103.062 54.955 42.717.231 80.509-37.199 103.053-54.947 49.528-38.783 82.032-64.401 104.947-82.653V400H48z\"><\/path><\/svg>\t\t\t\t\t\t<\/span>\n\t\t\t\t\t\t\t\t\t\t<span class=\"elementor-icon-list-text\">admision@nivela.edu.pe<\/span>\n\t\t\t\t\t\t\t\t\t<\/li>\n\t\t\t\t\t\t<\/ul>\n\t\t\t\t\t\t<\/div>\n\t\t\t\t<\/div>\n\t\t\t\t\t<\/div>\n\t\t\t\t<\/div>\n\t\t<div class=\"elementor-element elementor-element-ecf0065 e-flex e-con-boxed e-con e-parent\" data-id=\"ecf0065\" data-element_type=\"container\" data-e-type=\"container\">\n\t\t\t\t\t<div class=\"e-con-inner\">\n\t\t\t\t<div class=\"elementor-element elementor-element-5bf41747 elementor-widget elementor-widget-text-editor\" data-id=\"5bf41747\" data-element_type=\"widget\" data-e-type=\"widget\" data-widget_type=\"text-editor.default\">\n\t\t\t\t<div class=\"elementor-widget-container\">\n\t\t\t\t\t\t\t\t\t<p>Corporaci\u00f3n Educativa Nivel A SAC &#8211; Ruc: 20206188503<\/p>\t\t\t\t\t\t\t\t<\/div>\n\t\t\t\t<\/div>\n\t\t\t\t\t<\/div>\n\t\t\t\t<\/div>\n\t\t\t\t<\/div>\n\t\t","protected":false},"excerpt":{"rendered":"<p>Inicio\u00a0\u00a0 \u00a0 \u00a0 \u00a0 \u00a0 \u00a0 Admisi\u00f3n Staff\u00a0 \u00a0 \u00a0 \u00a0 \u00a0 \u00a0 \u00a0Contacto Inicio\u00a0 \u00a0 \u00a0 \u00a0 Admisi\u00f3n\u00a0 \u00a0\u00a0 \u00a0\u00a0 \u00a0Staff\u00a0 \u00a0 \u00a0 \u00a0 Contacto Nuestra misi\u00f3n es que&hellip;<\/p>\n","protected":false},"author":1,"featured_media":0,"parent":0,"menu_order":0,"comment_status":"closed","ping_status":"closed","template":"elementor_canvas","meta":{"om_disable_all_campaigns":false,"footnotes":""},"class_list":["post-19","page","type-page","status-publish","hentry"],"_links":{"self":[{"href":"https:\/\/nivela.edu.pe\/colegio-primaria\/wp-json\/wp\/v2\/pages\/19","targetHints":{"allow":["GET"]}}],"collection":[{"href":"https:\/\/nivela.edu.pe\/colegio-primaria\/wp-json\/wp\/v2\/pages"}],"about":[{"href":"https:\/\/nivela.edu.pe\/colegio-primaria\/wp-json\/wp\/v2\/types\/page"}],"author":[{"embeddable":true,"href":"https:\/\/nivela.edu.pe\/colegio-primaria\/wp-json\/wp\/v2\/users\/1"}],"replies":[{"embeddable":true,"href":"https:\/\/nivela.edu.pe\/colegio-primaria\/wp-json\/wp\/v2\/comments?post=19"}],"version-history":[{"count":5,"href":"https:\/\/nivela.edu.pe\/colegio-primaria\/wp-json\/wp\/v2\/pages\/19\/revisions"}],"predecessor-version":[{"id":846,"href":"https:\/\/nivela.edu.pe\/colegio-primaria\/wp-json\/wp\/v2\/pages\/19\/revisions\/846"}],"wp:attachment":[{"href":"https:\/\/nivela.edu.pe\/colegio-primaria\/wp-json\/wp\/v2\/media?parent=19"}],"curies":[{"name":"wp","href":"https:\/\/api.w.org\/{rel}","templated":true}]}}